{"id":10,"date":"2021-03-31T11:18:03","date_gmt":"2021-03-31T09:18:03","guid":{"rendered":"https:\/\/dannous.com\/boutique\/site\/?page_id=10"},"modified":"2024-11-18T14:45:56","modified_gmt":"2024-11-18T13:45:56","slug":"accueil","status":"publish","type":"page","link":"https:\/\/dannous.com\/boutique\/","title":{"rendered":"Accueil"},"content":{"rendered":"<h2>\u00cates-vous pr\u00eat \u00e0 apprendre <br \/>Davantage sur notre entreprise  ?<\/h2>\n<p>\t\t\t\t\t<a href=\"https:\/\/dannous.com\/boutique\/qui-sommes-nous\/\"><br \/>\n\t\t\t\t\t\t\t\t\tD\u00e9couvrez qui nous sommes !<br \/>\n\t\t\t\t\t<\/a><\/p>\n<h2>Derniers articles<\/h2>\n<h2>Id\u00e9es de projets<\/h2>\n<ul>\n<li>\n\t\t\t\t<a href=\"https:\/\/dannous.com\/boutique\/ar\/2023-%d8%a3%d9%81%d9%83%d8%a7%d8%b1-%d9%84%d9%85%d8%b4%d8%a7%d8%b1%d9%8a%d8%b9-%d9%85%d8%b1%d8%a8%d8%ad%d8%a9\/\" ><br \/>\n\t\t\t\t\t<img loading=\"lazy\" width=\"1201\" height=\"802\" src=\"https:\/\/dannous.com\/boutique\/wp-content\/uploads\/2023\/09\/dannous-article01.jpg\" alt=\"\" decoding=\"async\" srcset=\"https:\/\/dannous.com\/boutique\/wp-content\/uploads\/2023\/09\/dannous-article01.jpg 1201w, https:\/\/dannous.com\/boutique\/wp-content\/uploads\/2023\/09\/dannous-article01-300x200.jpg 300w, https:\/\/dannous.com\/boutique\/wp-content\/uploads\/2023\/09\/dannous-article01-1024x684.jpg 1024w, https:\/\/dannous.com\/boutique\/wp-content\/uploads\/2023\/09\/dannous-article01-768x513.jpg 768w, https:\/\/dannous.com\/boutique\/wp-content\/uploads\/2023\/09\/dannous-article01-600x401.jpg 600w\" sizes=\"auto, (max-width: 1201px) 100vw, 1201px\" \/><br \/>\n\t\t\t\t\t\t2023 \u0623\u0641\u0643\u0627\u0631 \u0644\u0645\u0634\u0627\u0631\u064a\u0639 \u0645\u0631\u0628\u062d\u0629<br \/>\n\t\t\t\t<\/a>\n\t\t\t<\/li>\n<\/ul>\n<h2>Freelance<\/h2>\n<ul>\n<li>\n\t\t\t\t<a href=\"https:\/\/dannous.com\/boutique\/differentes-facons-de-gagner-de-largent-en-utilisant-google-maps\/\" ><br \/>\n\t\t\t\t\t<img loading=\"lazy\" width=\"1200\" height=\"800\" src=\"https:\/\/dannous.com\/boutique\/wp-content\/uploads\/2023\/09\/dannous-article02.jpg\" alt=\"\" decoding=\"async\" srcset=\"https:\/\/dannous.com\/boutique\/wp-content\/uploads\/2023\/09\/dannous-article02.jpg 1200w, https:\/\/dannous.com\/boutique\/wp-content\/uploads\/2023\/09\/dannous-article02-300x200.jpg 300w, https:\/\/dannous.com\/boutique\/wp-content\/uploads\/2023\/09\/dannous-article02-1024x683.jpg 1024w, https:\/\/dannous.com\/boutique\/wp-content\/uploads\/2023\/09\/dannous-article02-768x512.jpg 768w, https:\/\/dannous.com\/boutique\/wp-content\/uploads\/2023\/09\/dannous-article02-600x400.jpg 600w\" sizes=\"auto, (max-width: 1200px) 100vw, 1200px\" \/><br \/>\n\t\t\t\t\t\tDiff\u00e9rentes fa\u00e7ons de gagner de l&#039;argent en utilisant Google Maps<br \/>\n\t\t\t\t<\/a>\n\t\t\t<\/li>\n<\/ul>\n<h2>Entrepreneurs<\/h2>\n<ul>\n<li>\n\t\t\t\t<a href=\"https:\/\/dannous.com\/boutique\/differentes-facons-de-gagner-de-largent-en-utilisant-google-maps\/\" ><br \/>\n\t\t\t\t\t<img loading=\"lazy\" width=\"1200\" height=\"800\" src=\"https:\/\/dannous.com\/boutique\/wp-content\/uploads\/2023\/09\/dannous-article02.jpg\" alt=\"\" decoding=\"async\" srcset=\"https:\/\/dannous.com\/boutique\/wp-content\/uploads\/2023\/09\/dannous-article02.jpg 1200w, https:\/\/dannous.com\/boutique\/wp-content\/uploads\/2023\/09\/dannous-article02-300x200.jpg 300w, https:\/\/dannous.com\/boutique\/wp-content\/uploads\/2023\/09\/dannous-article02-1024x683.jpg 1024w, https:\/\/dannous.com\/boutique\/wp-content\/uploads\/2023\/09\/dannous-article02-768x512.jpg 768w, https:\/\/dannous.com\/boutique\/wp-content\/uploads\/2023\/09\/dannous-article02-600x400.jpg 600w\" sizes=\"auto, (max-width: 1200px) 100vw, 1200px\" \/><br \/>\n\t\t\t\t\t\tDiff\u00e9rentes fa\u00e7ons de gagner de l&#039;argent en utilisant Google Maps<br \/>\n\t\t\t\t<\/a>\n\t\t\t<\/li>\n<\/ul>\n<h2>Motivation<\/h2>\n<ul>\n<li>\n\t\t\t\t<a href=\"https:\/\/dannous.com\/boutique\/lecon-sur-le-maintien-de-la-vitalite-et-la-realisation-du-succes-le-poisson-japonais-en-est-un-exemple\/\" ><br \/>\n\t\t\t\t\t<img loading=\"lazy\" width=\"1200\" height=\"800\" src=\"https:\/\/dannous.com\/boutique\/wp-content\/uploads\/2023\/10\/dannous-motivation-article-01.jpg\" alt=\"\" decoding=\"async\" srcset=\"https:\/\/dannous.com\/boutique\/wp-content\/uploads\/2023\/10\/dannous-motivation-article-01.jpg 1200w, https:\/\/dannous.com\/boutique\/wp-content\/uploads\/2023\/10\/dannous-motivation-article-01-300x200.jpg 300w, https:\/\/dannous.com\/boutique\/wp-content\/uploads\/2023\/10\/dannous-motivation-article-01-1024x683.jpg 1024w, https:\/\/dannous.com\/boutique\/wp-content\/uploads\/2023\/10\/dannous-motivation-article-01-768x512.jpg 768w, https:\/\/dannous.com\/boutique\/wp-content\/uploads\/2023\/10\/dannous-motivation-article-01-600x400.jpg 600w\" sizes=\"auto, (max-width: 1200px) 100vw, 1200px\" \/><br \/>\n\t\t\t\t\t\tLe\u00e7on sur le maintien de la vitalit\u00e9 et la r\u00e9alisation du succ\u00e8s, le poisson japonais en est un exemple<br \/>\n\t\t\t\t<\/a>\n\t\t\t<\/li>\n<li>\n\t\t\t\t<a href=\"https:\/\/dannous.com\/boutique\/ar\/%d8%af%d8%b1%d8%b3-%d9%81%d9%8a-%d8%a7%d9%84%d8%ad%d9%81%d8%a7%d8%b8-%d8%b9%d9%84%d9%89-%d8%a7%d9%84%d8%ad%d9%8a%d9%88%d9%8a%d8%a9-%d9%88%d8%aa%d8%ad%d9%82%d9%8a%d9%82-%d8%a7%d9%84%d9%86%d8%ac%d8%a7\/\" ><br \/>\n\t\t\t\t\t<img loading=\"lazy\" width=\"1200\" height=\"800\" src=\"https:\/\/dannous.com\/boutique\/wp-content\/uploads\/2023\/10\/dannous-motivation-article-01.jpg\" alt=\"\" decoding=\"async\" srcset=\"https:\/\/dannous.com\/boutique\/wp-content\/uploads\/2023\/10\/dannous-motivation-article-01.jpg 1200w, https:\/\/dannous.com\/boutique\/wp-content\/uploads\/2023\/10\/dannous-motivation-article-01-300x200.jpg 300w, https:\/\/dannous.com\/boutique\/wp-content\/uploads\/2023\/10\/dannous-motivation-article-01-1024x683.jpg 1024w, https:\/\/dannous.com\/boutique\/wp-content\/uploads\/2023\/10\/dannous-motivation-article-01-768x512.jpg 768w, https:\/\/dannous.com\/boutique\/wp-content\/uploads\/2023\/10\/dannous-motivation-article-01-600x400.jpg 600w\" sizes=\"auto, (max-width: 1200px) 100vw, 1200px\" \/><br \/>\n\t\t\t\t\t\t\u062f\u0631\u0633 \u0641\u064a \u0627\u0644\u062d\u0641\u0627\u0638 \u0639\u0644\u0649 \u0627\u0644\u062d\u064a\u0648\u064a\u0629 \u0648\u062a\u062d\u0642\u064a\u0642 \u0627\u0644\u0646\u062c\u0627\u062d, \u0627\u0644\u0633\u0645\u0643 \u0627\u0644\u064a\u0627\u0628\u0627\u0646\u064a \u0643\u0645\u062b\u0627\u0644<br \/>\n\t\t\t\t<\/a>\n\t\t\t<\/li>\n<\/ul>\n<h2>Freelance<\/h2>\n<ul>\n<li>\n\t\t\t\t<a href=\"https:\/\/dannous.com\/boutique\/differentes-facons-de-gagner-de-largent-en-utilisant-google-maps\/\" ><br \/>\n\t\t\t\t\t<img loading=\"lazy\" width=\"1200\" height=\"800\" src=\"https:\/\/dannous.com\/boutique\/wp-content\/uploads\/2023\/09\/dannous-article02.jpg\" alt=\"\" decoding=\"async\" srcset=\"https:\/\/dannous.com\/boutique\/wp-content\/uploads\/2023\/09\/dannous-article02.jpg 1200w, https:\/\/dannous.com\/boutique\/wp-content\/uploads\/2023\/09\/dannous-article02-300x200.jpg 300w, https:\/\/dannous.com\/boutique\/wp-content\/uploads\/2023\/09\/dannous-article02-1024x683.jpg 1024w, https:\/\/dannous.com\/boutique\/wp-content\/uploads\/2023\/09\/dannous-article02-768x512.jpg 768w, https:\/\/dannous.com\/boutique\/wp-content\/uploads\/2023\/09\/dannous-article02-600x400.jpg 600w\" sizes=\"auto, (max-width: 1200px) 100vw, 1200px\" \/><br \/>\n\t\t\t\t\t\tDiff\u00e9rentes fa\u00e7ons de gagner de l&#039;argent en utilisant Google Maps<br \/>\n\t\t\t\t<\/a>\n\t\t\t<\/li>\n<\/ul>\n<h2>Entrepreneurs<\/h2>\n<ul>\n<li>\n\t\t\t\t<a href=\"https:\/\/dannous.com\/boutique\/differentes-facons-de-gagner-de-largent-en-utilisant-google-maps\/\" ><br \/>\n\t\t\t\t\t<img loading=\"lazy\" width=\"1200\" height=\"800\" src=\"https:\/\/dannous.com\/boutique\/wp-content\/uploads\/2023\/09\/dannous-article02.jpg\" alt=\"\" decoding=\"async\" srcset=\"https:\/\/dannous.com\/boutique\/wp-content\/uploads\/2023\/09\/dannous-article02.jpg 1200w, https:\/\/dannous.com\/boutique\/wp-content\/uploads\/2023\/09\/dannous-article02-300x200.jpg 300w, https:\/\/dannous.com\/boutique\/wp-content\/uploads\/2023\/09\/dannous-article02-1024x683.jpg 1024w, https:\/\/dannous.com\/boutique\/wp-content\/uploads\/2023\/09\/dannous-article02-768x512.jpg 768w, https:\/\/dannous.com\/boutique\/wp-content\/uploads\/2023\/09\/dannous-article02-600x400.jpg 600w\" sizes=\"auto, (max-width: 1200px) 100vw, 1200px\" \/><br \/>\n\t\t\t\t\t\tDiff\u00e9rentes fa\u00e7ons de gagner de l&#039;argent en utilisant Google Maps<br \/>\n\t\t\t\t<\/a>\n\t\t\t<\/li>\n<\/ul>\n<h2>Pourquoi choisir Dannous.com ?<\/h2>\n<p>\t\t\t\t\t\t\t\t\t\t\t\t<a tabindex=\"0\">Mini-boutique web personnalis\u00e9<\/a><\/p>\n<p>Nous offrons \u00e0 chaque exposante la possibilit\u00e9 de cr\u00e9er sa propre mini-boutique web avec une adresse personnalis\u00e9e. Cela permet \u00e0 chaque exposante de pr\u00e9senter ses articles de mani\u00e8re professionnelle et de se diff\u00e9rencier des autres vendeurs en ligne.<\/p>\n<p>\t\t\t\t\t\t\t\t\t\t\t\t<a tabindex=\"0\">Marketplace<\/a><\/p>\n<p>Notre plateforme est un march\u00e9 en ligne dynamique o\u00f9 les acheteurs peuvent trouver des articles de mode d&#8217;occasion en parfait \u00e9tat. Nous avons des milliers d&#8217;articles disponibles, allant des robes aux chaussures en passant par les accessoires, et nos acheteurs appr\u00e9cient la vari\u00e9t\u00e9 et la qualit\u00e9 de notre s\u00e9lection.<\/p>\n<p>\t\t\t\t\t\t\t\t\t\t\t\t<a tabindex=\"0\">Shootings professionnels<\/a><\/p>\n<p>Nous avons une \u00e9quipe de photographes professionnels pour prendre des photos de qualit\u00e9 de vos articles. Nous savons que les photos sont un \u00e9l\u00e9ment cl\u00e9 de la vente en ligne, c&#8217;est pourquoi nous investissons dans des shootings professionnels pour mettre en valeur vos articles.<\/p>\n<p>\t\t\t\t\t\t\t\t\t\t\t\t<a tabindex=\"0\">Atelier de upcycling<\/a><\/p>\n<p>Nous sommes \u00e9galement engag\u00e9s dans la promotion de la mode durable. Nous avons donc cr\u00e9\u00e9 un atelier de upcycling o\u00f9 nos artisans talentueux travaillent \u00e0 transformer des v\u00eatements usag\u00e9s en pi\u00e8ces uniques et tendance. Nous sommes fiers de soutenir l&#8217;\u00e9conomie circulaire et de promouvoir des pratiques durables dans l&#8217;industrie de la mode.<\/p>\n<p>\t\t\t\t\t\t\t\t\t\t\t\t<a tabindex=\"0\">Rendez-vous physique<\/a><\/p>\n<p>Pour plus de commodit\u00e9, RDVdressing organise r\u00e9guli\u00e8rement des rendez-vous physiques pour permettre aux clients de voir et d\u2019essayer les produits avant de les acheter. Le but est de fournir une exp\u00e9rience d\u2019achat pratique et agr\u00e9able tout en offrant une s\u00e9lection de produits de qualit\u00e9.<\/p><\/p>\n","protected":false},"excerpt":{"rendered":"<p>\u00cates-vous pr\u00eat \u00e0 apprendre Davantage sur notre entreprise ? D\u00e9couvrez qui nous sommes ! Derniers articles Id\u00e9es de projets 2023 \u0623\u0641\u0643\u0627\u0631 \u0644\u0645\u0634\u0627\u0631\u064a\u0639 \u0645\u0631\u0628\u062d\u0629 Freelance Diff\u00e9rentes fa\u00e7ons de gagner de l&#039;argent en utilisant Google Maps Entrepreneurs Diff\u00e9rentes fa\u00e7ons de gagner de l&#039;argent en utilisant Google Maps Motivation Le\u00e7on sur le maintien de la vitalit\u00e9 et la [&hellip;]<\/p>\n","protected":false},"author":1,"featured_media":0,"parent":0,"menu_order":0,"comment_status":"closed","ping_status":"closed","template":"elementor_header_footer","meta":{"site-sidebar-layout":"no-sidebar","site-content-layout":"page-builder","ast-site-content-layout":"default","site-content-style":"default","site-sidebar-style":"default","ast-global-header-display":"","ast-banner-title-visibility":"","ast-main-header-display":"","ast-hfb-above-header-display":"","ast-hfb-below-header-display":"","ast-hfb-mobile-header-display":"","site-post-title":"","ast-breadcrumbs-content":"","ast-featured-img":"","footer-sml-layout":"","ast-disable-related-posts":"","theme-transparent-header-meta":"default","adv-header-id-meta":"","stick-header-meta":"","header-above-stick-meta":"","header-main-stick-meta":"","header-below-stick-meta":"","astra-migrate-meta-layouts":"default","ast-page-background-enabled":"default","ast-page-background-meta":{"desktop":{"background-color":"","background-image":"","background-repeat":"repeat","background-position":"center center","background-size":"auto","background-attachment":"scroll","background-type":"","background-media":"","overlay-type":"","overlay-color":"","overlay-opacity":"","overlay-gradient":""},"tablet":{"background-color":"","background-image":"","background-repeat":"repeat","background-position":"center center","background-size":"auto","background-attachment":"scroll","background-type":"","background-media":"","overlay-type":"","overlay-color":"","overlay-opacity":"","overlay-gradient":""},"mobile":{"background-color":"","background-image":"","background-repeat":"repeat","background-position":"center center","background-size":"auto","background-attachment":"scroll","background-type":"","background-media":"","overlay-type":"","overlay-color":"","overlay-opacity":"","overlay-gradient":""}},"ast-content-background-meta":{"desktop":{"background-color":"var(--ast-global-color-5)","background-image":"","background-repeat":"repeat","background-position":"center center","background-size":"auto","background-attachment":"scroll","background-type":"","background-media":"","overlay-type":"","overlay-color":"","overlay-opacity":"","overlay-gradient":""},"tablet":{"background-color":"var(--ast-global-color-5)","background-image":"","background-repeat":"repeat","background-position":"center center","background-size":"auto","background-attachment":"scroll","background-type":"","background-media":"","overlay-type":"","overlay-color":"","overlay-opacity":"","overlay-gradient":""},"mobile":{"background-color":"var(--ast-global-color-5)","background-image":"","background-repeat":"repeat","background-position":"center center","background-size":"auto","background-attachment":"scroll","background-type":"","background-media":"","overlay-type":"","overlay-color":"","overlay-opacity":"","overlay-gradient":""}},"footnotes":""},"class_list":["post-10","page","type-page","status-publish","hentry"],"_links":{"self":[{"href":"https:\/\/dannous.com\/boutique\/wp-json\/wp\/v2\/pages\/10","targetHints":{"allow":["GET"]}}],"collection":[{"href":"https:\/\/dannous.com\/boutique\/wp-json\/wp\/v2\/pages"}],"about":[{"href":"https:\/\/dannous.com\/boutique\/wp-json\/wp\/v2\/types\/page"}],"author":[{"embeddable":true,"href":"https:\/\/dannous.com\/boutique\/wp-json\/wp\/v2\/users\/1"}],"replies":[{"embeddable":true,"href":"https:\/\/dannous.com\/boutique\/wp-json\/wp\/v2\/comments?post=10"}],"version-history":[{"count":85,"href":"https:\/\/dannous.com\/boutique\/wp-json\/wp\/v2\/pages\/10\/revisions"}],"predecessor-version":[{"id":2485,"href":"https:\/\/dannous.com\/boutique\/wp-json\/wp\/v2\/pages\/10\/revisions\/2485"}],"wp:attachment":[{"href":"https:\/\/dannous.com\/boutique\/wp-json\/wp\/v2\/media?parent=10"}],"curies":[{"name":"wp","href":"https:\/\/api.w.org\/{rel}","templated":true}]}}