{"id":280,"date":"2021-11-03T17:18:23","date_gmt":"2021-11-03T16:18:23","guid":{"rendered":"https:\/\/dannous.com\/boutique\/site\/?page_id=280"},"modified":"2023-09-18T11:22:37","modified_gmt":"2023-09-18T09:22:37","slug":"criteres-de-qualite","status":"publish","type":"page","link":"https:\/\/dannous.com\/boutique\/criteres-de-qualite\/","title":{"rendered":"Crit\u00e8res de qualit\u00e9"},"content":{"rendered":"<h2>\n\t\t\t\tCrit\u00e8res de qualit\u00e9<br \/>\n\t\t\t<\/h2 >\n<p>Nous sommes heureux de vous accueillir sur notre site web RDVdressing, o\u00f9 vous pourrez d\u00e9couvrir une s\u00e9lection de v\u00eatements d&rsquo;occasion en bon \u00e9tat.<\/p>\n<p>Nous tenons \u00e0 vous informer que nous avons mis en place des crit\u00e8res de qualit\u00e9 rigoureux pour s\u00e9lectionner les v\u00eatements qui sont propos\u00e9s sur notre site. Voici quelques-uns des crit\u00e8res que nous prenons en compte :<\/p>\n<ul>\n<li>\u00c9tat g\u00e9n\u00e9ral : les v\u00eatements doivent \u00eatre en bon \u00e9tat, sans taches ni d\u00e9chirures<\/li>\n<li>Style et tendance : nous s\u00e9lectionnons des v\u00eatements qui suivent les derni\u00e8res tendances de la mode et qui sont adapt\u00e9s \u00e0 un large public<\/li>\n<li>Confort et mat\u00e9riaux de haute qualit\u00e9 : nous veillons \u00e0 ce que les v\u00eatements soient confortables \u00e0 porter et fabriqu\u00e9s avec des mat\u00e9riaux de haute qualit\u00e9 pour garantir leur durabilit\u00e9<\/li>\n<\/ul>\n<p>Nous esp\u00e9rons que ces crit\u00e8res vous aideront \u00e0 faire un choix judicieux lors de vos achats sur notre site. Si vous avez des questions ou des pr\u00e9occupations, n&rsquo;h\u00e9sitez pas \u00e0 nous contacter. Nous sommes l\u00e0 pour vous aider.<\/p>\n","protected":false},"excerpt":{"rendered":"<p>Crit\u00e8res de qualit\u00e9 Nous sommes heureux de vous accueillir sur notre site web RDVdressing, o\u00f9 vous pourrez d\u00e9couvrir une s\u00e9lection de v\u00eatements d&rsquo;occasion en bon \u00e9tat. Nous tenons \u00e0 vous informer que nous avons mis en place des crit\u00e8res de qualit\u00e9 rigoureux pour s\u00e9lectionner les v\u00eatements qui sont propos\u00e9s sur notre site. Voici quelques-uns des [&hellip;]<\/p>\n","protected":false},"author":1,"featured_media":0,"parent":0,"menu_order":0,"comment_status":"closed","ping_status":"closed","template":"elementor_header_footer","meta":{"site-sidebar-layout":"default","site-content-layout":"default","ast-site-content-layout":"default","site-content-style":"default","site-sidebar-style":"default","ast-global-header-display":"","ast-banner-title-visibility":"","ast-main-header-display":"","ast-hfb-above-header-display":"","ast-hfb-below-header-display":"","ast-hfb-mobile-header-display":"","site-post-title":"","ast-breadcrumbs-content":"","ast-featured-img":"","footer-sml-layout":"","ast-disable-related-posts":"","theme-transparent-header-meta":"default","adv-header-id-meta":"","stick-header-meta":"","header-above-stick-meta":"","header-main-stick-meta":"","header-below-stick-meta":"","astra-migrate-meta-layouts":"default","ast-page-background-enabled":"default","ast-page-background-meta":{"desktop":{"background-color":"","background-image":"","background-repeat":"repeat","background-position":"center center","background-size":"auto","background-attachment":"scroll","background-type":"","background-media":"","overlay-type":"","overlay-color":"","overlay-opacity":"","overlay-gradient":""},"tablet":{"background-color":"","background-image":"","background-repeat":"repeat","background-position":"center center","background-size":"auto","background-attachment":"scroll","background-type":"","background-media":"","overlay-type":"","overlay-color":"","overlay-opacity":"","overlay-gradient":""},"mobile":{"background-color":"","background-image":"","background-repeat":"repeat","background-position":"center center","background-size":"auto","background-attachment":"scroll","background-type":"","background-media":"","overlay-type":"","overlay-color":"","overlay-opacity":"","overlay-gradient":""}},"ast-content-background-meta":{"desktop":{"background-color":"var(--ast-global-color-5)","background-image":"","background-repeat":"repeat","background-position":"center center","background-size":"auto","background-attachment":"scroll","background-type":"","background-media":"","overlay-type":"","overlay-color":"","overlay-opacity":"","overlay-gradient":""},"tablet":{"background-color":"var(--ast-global-color-5)","background-image":"","background-repeat":"repeat","background-position":"center center","background-size":"auto","background-attachment":"scroll","background-type":"","background-media":"","overlay-type":"","overlay-color":"","overlay-opacity":"","overlay-gradient":""},"mobile":{"background-color":"var(--ast-global-color-5)","background-image":"","background-repeat":"repeat","background-position":"center center","background-size":"auto","background-attachment":"scroll","background-type":"","background-media":"","overlay-type":"","overlay-color":"","overlay-opacity":"","overlay-gradient":""}},"footnotes":""},"class_list":["post-280","page","type-page","status-publish","hentry"],"_links":{"self":[{"href":"https:\/\/dannous.com\/boutique\/wp-json\/wp\/v2\/pages\/280","targetHints":{"allow":["GET"]}}],"collection":[{"href":"https:\/\/dannous.com\/boutique\/wp-json\/wp\/v2\/pages"}],"about":[{"href":"https:\/\/dannous.com\/boutique\/wp-json\/wp\/v2\/types\/page"}],"author":[{"embeddable":true,"href":"https:\/\/dannous.com\/boutique\/wp-json\/wp\/v2\/users\/1"}],"replies":[{"embeddable":true,"href":"https:\/\/dannous.com\/boutique\/wp-json\/wp\/v2\/comments?post=280"}],"version-history":[{"count":13,"href":"https:\/\/dannous.com\/boutique\/wp-json\/wp\/v2\/pages\/280\/revisions"}],"predecessor-version":[{"id":2245,"href":"https:\/\/dannous.com\/boutique\/wp-json\/wp\/v2\/pages\/280\/revisions\/2245"}],"wp:attachment":[{"href":"https:\/\/dannous.com\/boutique\/wp-json\/wp\/v2\/media?parent=280"}],"curies":[{"name":"wp","href":"https:\/\/api.w.org\/{rel}","templated":true}]}}